{"id":36,"date":"2024-05-16T23:30:46","date_gmt":"2024-05-16T22:30:46","guid":{"rendered":"http:\/\/oldtimer-freunde-preith.de\/wordpress\/?page_id=36"},"modified":"2024-08-02T17:00:11","modified_gmt":"2024-08-02T16:00:11","slug":"termine-treffen","status":"publish","type":"page","link":"http:\/\/oldtimer-freunde-preith.de\/wordpress\/index.php\/termine-treffen\/","title":{"rendered":"Termine + Treffen"},"content":{"rendered":"<table width=\"530\">\n<tbody>\n<tr>\n<td width=\"120\"><strong>Datum<\/strong><\/td>\n<td width=\"315\"><strong>Veranstaltung<\/strong><\/td>\n<td width=\"87\"><strong>Beginn<\/strong><\/td>\n<\/tr>\n<tr>\n<td width=\"120\">\n<p style=\"text-align: center;\">04.08.2024<\/p>\n<\/td>\n<td width=\"315\">\n<p style=\"text-align: center;\">Oldtimertreffen<\/p>\n<p style=\"text-align: center;\">Laurenzimarkt Ernsgaden<\/p>\n<p style=\"text-align: center;\">Am Sportplatz, 85119 Ernsgaden<\/p>\n<\/td>\n<td style=\"text-align: center;\" width=\"87\">13:00 Uhr<\/td>\n<\/tr>\n<tr>\n<td width=\"120\">\n<p style=\"text-align: center;\">04.08.2024<\/p>\n<\/td>\n<td width=\"315\">\n<p style=\"text-align: center;\">Oldtimertreffen H\u00f6gnerh\u00e4usl<\/p>\n<p style=\"text-align: center;\">Wettstetten<\/p>\n<p style=\"text-align: center;\">Neuhau 1, 85139 Wettstetten<\/p>\n<\/td>\n<td width=\"87\">\n<p style=\"text-align: center;\">10:00 Uhr<\/p>\n<\/td>\n<\/tr>\n<tr>\n<td width=\"120\">\n<p style=\"text-align: center;\">04.08.2024<\/p>\n<\/td>\n<td width=\"315\">\n<p style=\"text-align: center;\">23. Oldtimertreffen<\/p>\n<p style=\"text-align: center;\">Technikmuseum Mackenm\u00fchle<\/p>\n<p style=\"text-align: center;\">Mackenm\u00fchle 19, 91785 Pleinfeld<\/p>\n<\/td>\n<td width=\"87\">\n<p style=\"text-align: center;\">9:30 Uhr<\/p>\n<\/td>\n<\/tr>\n<tr>\n<td width=\"120\">\n<p style=\"text-align: center;\">15.08.2024<\/p>\n<\/td>\n<td width=\"315\">\n<p style=\"text-align: center;\">Drescherfest 40 Jahre<\/p>\n<p style=\"text-align: center;\">Heimatverein Gaimersheim<\/p>\n<p style=\"text-align: center;\">Am Z\u00f6pflhof, Angerm\u00fchle 2<\/p>\n<p style=\"text-align: center;\">85080 Gaimersheim<\/p>\n<\/td>\n<td width=\"87\">10:00 Uhr<\/td>\n<\/tr>\n<tr>\n<td width=\"120\">\n<p style=\"text-align: center;\">18.08.2024<\/p>\n<\/td>\n<td width=\"315\">\n<p style=\"text-align: center;\">1.Oldtimertreffen<\/p>\n<p style=\"text-align: center;\">in der Wolpertsau<\/p>\n<p style=\"text-align: center;\">Zum Saustall Wolpertsau 1,<\/p>\n<p style=\"text-align: center;\">86643 Rennertshofen<\/p>\n<\/td>\n<td width=\"87\">\n<p style=\"text-align: center;\">9:00 Uhr<\/p>\n<\/td>\n<\/tr>\n<tr>\n<td width=\"120\">\n<p style=\"text-align: center;\">01.09.2024<\/p>\n<\/td>\n<td width=\"315\">\n<p style=\"text-align: center;\">Oldtimertreffen H\u00f6gnerh\u00e4usl<\/p>\n<p style=\"text-align: center;\">Wettstetten<\/p>\n<p style=\"text-align: center;\">Neuhau 1, 85139 Wettstetten<\/p>\n<\/td>\n<td width=\"87\">\n<p style=\"text-align: center;\">10:00 Uhr<\/p>\n<\/td>\n<\/tr>\n<tr>\n<td width=\"120\">\n<p style=\"text-align: center;\">01.09.2024<\/p>\n<\/td>\n<td width=\"315\">\n<p style=\"text-align: center;\">25. Oldtimertreffen<\/p>\n<p style=\"text-align: center;\">Auf dem P\u00f6ttmeser Marktplatz<\/p>\n<p style=\"text-align: center;\">Marktplatz, 86554 P\u00f6ttmes<\/p>\n<\/td>\n<td width=\"87\">\n<p style=\"text-align: center;\">9:00 Uhr<\/p>\n<\/td>\n<\/tr>\n<tr>\n<td width=\"120\">\n<p style=\"text-align: center;\">08.09.2024<\/p>\n<\/td>\n<td width=\"315\">\n<p style=\"text-align: center;\">Oldtimertreffen anl\u00e4sslich des Museumsfest<\/p>\n<p style=\"text-align: center;\">Haus im Moos<\/p>\n<p style=\"text-align: center;\">Kleinhohenried 108, 86668 Karlshuld<\/p>\n<\/td>\n<td width=\"87\">\n<p style=\"text-align: center;\">&#8211;<\/p>\n<\/td>\n<\/tr>\n<tr>\n<td width=\"120\">\n<p style=\"text-align: center;\">08.09.2024<\/p>\n<\/td>\n<td width=\"315\">\n<p style=\"text-align: center;\">3. Lentiger Oldtimertreffen<\/p>\n<p style=\"text-align: center;\">Beim 57.Jurafest in Lenting<\/p>\n<p style=\"text-align: center;\">Am Bergf\u00fcrst, 85101 Lenting<\/p>\n<\/td>\n<td width=\"87\">\n<p style=\"text-align: center;\">12:00 Uhr<\/p>\n<\/td>\n<\/tr>\n<tr>\n<td width=\"120\">\n<p style=\"text-align: center;\">08.09.2024<\/p>\n<\/td>\n<td width=\"315\">&nbsp;<\/p>\n<p style=\"text-align: center;\">Volksfestumzug Eichst\u00e4tt<\/p>\n<p>&nbsp;<\/td>\n<td width=\"87\">\n<p style=\"text-align: center;\">13:00 Uhr<\/p>\n<\/td>\n<\/tr>\n<tr>\n<td width=\"120\">\n<p style=\"text-align: center;\">03.10.2024<\/p>\n<\/td>\n<td width=\"315\">\n<p style=\"text-align: center;\">Feldtag der<\/p>\n<p style=\"text-align: center;\">Oldtimer-Freunde Preith e.V.<\/p>\n<p style=\"text-align: center;\">N\u00e4he Workerszell<\/p>\n<\/td>\n<td width=\"87\">\n<p style=\"text-align: center;\">9:30 Uhr<\/p>\n<\/td>\n<\/tr>\n<\/tbody>\n<\/table>\n<p>&nbsp;<\/p>\n","protected":false},"excerpt":{"rendered":"<p>Datum Veranstaltung Beginn 04.08.2024 Oldtimertreffen Laurenzimarkt Ernsgaden Am Sportplatz, 85119 Ernsgaden 13:00 Uhr 04.08.2024 Oldtimertreffen H\u00f6gnerh\u00e4usl Wettstetten Neuhau 1, 85139 Wettstetten 10:00 Uhr 04.08.2024 23. Oldtimertreffen Technikmuseum Mackenm\u00fchle Mackenm\u00fchle 19, 91785 Pleinfeld 9:30 Uhr 15.08.2024 Drescherfest 40 Jahre Heimatverein Gaimersheim Am Z\u00f6pflhof, Angerm\u00fchle 2 85080 Gaimersheim 10:00 Uhr 18.08.2024 1.Oldtimertreffen in der Wolpertsau Zum Saustall [&hellip;]<\/p>\n","protected":false},"author":1,"featured_media":0,"parent":0,"menu_order":0,"comment_status":"closed","ping_status":"closed","template":"","meta":{"footnotes":""},"class_list":["post-36","page","type-page","status-publish","hentry"],"_links":{"self":[{"href":"http:\/\/oldtimer-freunde-preith.de\/wordpress\/index.php\/wp-json\/wp\/v2\/pages\/36","targetHints":{"allow":["GET"]}}],"collection":[{"href":"http:\/\/oldtimer-freunde-preith.de\/wordpress\/index.php\/wp-json\/wp\/v2\/pages"}],"about":[{"href":"http:\/\/oldtimer-freunde-preith.de\/wordpress\/index.php\/wp-json\/wp\/v2\/types\/page"}],"author":[{"embeddable":true,"href":"http:\/\/oldtimer-freunde-preith.de\/wordpress\/index.php\/wp-json\/wp\/v2\/users\/1"}],"replies":[{"embeddable":true,"href":"http:\/\/oldtimer-freunde-preith.de\/wordpress\/index.php\/wp-json\/wp\/v2\/comments?post=36"}],"version-history":[{"count":77,"href":"http:\/\/oldtimer-freunde-preith.de\/wordpress\/index.php\/wp-json\/wp\/v2\/pages\/36\/revisions"}],"predecessor-version":[{"id":3643,"href":"http:\/\/oldtimer-freunde-preith.de\/wordpress\/index.php\/wp-json\/wp\/v2\/pages\/36\/revisions\/3643"}],"wp:attachment":[{"href":"http:\/\/oldtimer-freunde-preith.de\/wordpress\/index.php\/wp-json\/wp\/v2\/media?parent=36"}],"curies":[{"name":"wp","href":"https:\/\/api.w.org\/{rel}","templated":true}]}}